5. What is the tens digit of k(5)?
2
Let g = -136 + 112. Let n(m) = -m**2 - 27*m + 42. What is the hundreds digit of n(g)?
1
Let f(k) = 7*k - 7. Let c be f(-2). Let u = 20 - c. What is the tens digit of u?
4
What is the units digit of (-492)/(-4182) - 14924/(-17)?
8
What is the units digit of 18/(-24) - (-2517)/12?
9
Let d = -52 + 76. Let k be 1*(3/((-18)/222))/(-1). Let l = k - d. What is the tens digit of l?
1
Let c(o) = o. Let x(r) = -12*r + 1. Let l(w) = 5*c(w) + x(w). Suppose 10*n = 5*n - 5. What is the units digit of l(n)?
8
Suppose -43 = -2*a + 5*g, -6*g - 16 = a - g. Suppose 16*d = a*d + 406. What is the units digit of d?
8
What is the hundreds digit of (2600950/210)/5 + 4/(-42)?
4
Let r be 3/(-33)*-768 - (-4)/22. Let y = r - -43. What is the hundreds digit of y?
1
Suppose 5*k = 2 - 22. What is the units digit of ((k/2)/(-4))/(11/924)?
2
Let u(v) = 6*v**3 + 5*v**2 + 2*v - 6. Let z be u(-4). Let p = -193 - z. What is the hundreds digit of p?
1
Let o(s) = s**3 + 4*s**2 - 17*s - 18. Let j be o(-8). Let n = j + 261. What is the hundreds digit of n?
1
Let r = -78 - -90. What is the tens digit of (-20)/(-8)*(r - 4)?
2
Let x = -16 + 28. Suppose -4*i = x + 36. What is the units digit of i/18 - (-60)/9?
6
Suppose 15*i - 407 = 58. What is the tens digit of i?
3
Suppose -3*a + 272 = a. Let b = a - 8. Suppose -3*x = x - b. What is the tens digit of x?
1
Let r(s) = -2*s**2 - 50*s - 8. What is the tens digit of r(-24)?
4
Let f(z) = z**2 - 9*z + 13. Let n be f(7). What is the units digit of (30/(-8))/(n/20)?
5
Suppose -2*b + 971 = 85. Suppose 6*v = b - 143. What is the units digit of v?
0
Suppose 5*r + 308 = r. Let n = -32 - r. What is the tens digit of n?
4
Let h = 172 + -101. What is the units digit of h?
1
Suppose 15*r - 12036 = -4731. What is the tens digit of r?
8
What is the units digit of (-275)/(-5)*(52/10)/1?
6
Let l(x) = 3*x**3 + x**2 - 49*x + 12. What is the units digit of l(8)?
0
Suppose 0 = -d - 11 + 2. What is the units digit of (-476)/(-16) + 1 + d/12?
0
What is the hundreds digit of (681/(-9) - 1)/(20/(-30))?
1
Suppose 0 = 12*x - 13*x. What is the units digit of 0/1 + -1 + 9 + x?
8
Suppose 2*v = -151 + 421. Let b(c) = 3*c**2 - c. Let q be b(1). Suppose 7*x - v = q*x. What is the tens digit of x?
2
Let c(m) = 114*m + 7. Let t be c(1). Suppose 0 = -0*d - 5*d - 2*b + 613, -t = -d - 2*b. What is the tens digit of d?
2
Let q(l) = -l + 8. Let d(y) = 2*y - 17. Let k(b) = 4*d(b) + 9*q(b). Let h be k(6). What is the tens digit of h*51/(-6) - -3?
2
Let y = 15 + -15. Suppose -l - 136 = -4*j, -4*j - j + 2*l + 173 = y. What is the units digit of j?
3
Suppose -y = 9*y - 4080. What is the units digit of y?
8
Suppose -5*n = 4*s - 5003, 4*s - 8*s + 8 = 0. What is the tens digit of n?
9
Let z(d) = 635*d**3 - d + 1. Let h be z(1). Suppose 0*c = -5*c + h. What is the tens digit of c?
2
Let y = 3 + -7. Let p(r) = -r**3 - 5*r**2 - 4*r + 3. Let z be p(y). Suppose -2 - z = -5*m. What is the units digit of m?
1
Let c be (-1)/((-2)/(-264)*-3). Suppose 4*h - 5*z - 230 = 0, -5*h + c + 241 = -5*z. What is the tens digit of h?
5
Let l = -11 - -11. Suppose 5*b - b - 356 = l. What is the tens digit of b?
8
Suppose -1116 = 4*b - 2*o, 3*b + o + o = -823. Let r = b - -403. What is the tens digit of r?
2
Let o = 662 + 573. What is the hundreds digit of o?
2
Let u = -258 - -823. What is the hundreds digit of u?
5
Suppose 0 = -2*f + 6. Suppose 0 = -5*j - f - 2, 3*u - 4*j = -20. Let q = u + 14. What is the units digit of q?
6
Suppose -h - 2 = -17. Let g = -15 + h. Suppose -89 = -5*k - 2*q, -5*q - 10 - 5 = g. What is the units digit of k?
9
Suppose 28*w - 94*w = -28842. What is the hundreds digit of w?
4
Let l(p) = -23*p - 10. Let j be l(-4). What is the units digit of (-4 - 27/(-6))*j?
1
Let i(u) = -3*u + 6. Let k be i(6). Let l(z) = z + 9. Let b be l(k). What is the units digit of b + (-2 - -42 - 3)?
4
Let o(w) = -6*w + 4*w + w**2 + 9 - 6*w. What is the units digit of o(11)?
2
Let f(g) be the first derivative of -43*g**2/2 - 18*g + 17. What is the tens digit of f(-4)?
5
Suppose 7*g - 1177 = 1868. What is the tens digit of g?
3
Suppose -4*x - 10 - 6 = 0. Let r be x + -1 + (2 - 1). What is the tens digit of r/8*2*-12?
1
Let k(f) = 5*f**2 - 3*f + 5. Let j be k(-2). Let p = 0 + 4. Suppose p*s = -z - 2*z + 29, -2*s - j = -5*z. What is the units digit of z?
7
Suppose -2*m + r + 695 = 0, 10*m + 2*r - 1060 = 7*m. Let n = m + -166. What is the hundreds digit of n?
1
Suppose -20*p - 11 = -131. What is the units digit of p?
6
Let l(p) be the first derivative of -p**4/4 - 4*p**3/3 - 3*p**2/2 - 5*p - 14. Let j be -2 + 3 + -1*5. What is the units digit of l(j)?
7
Let w = -7350 - -11456. What is the tens digit of w?
0
Suppose 0 = 2*k - 1 + 11, 2*m = 5*k + 19. Let s be 0*m/27*-3. Suppose -i - a = 0, 2*i + s*a = 2*a + 4. What is the units digit of i?
1
Let o(q) = -247*q**3 - q**2 + 2*q + 1. What is the hundreds digit of o(-1)?
2
Suppose -3*k - 36 = -4*k - 4*c, 0 = k - 2*c - 42. Suppose 0 = l - 1, l + 207 - k = 2*y. What is the tens digit of y?
8
Let p = 251 + -172. Suppose p = 13*g - 129. What is the tens digit of g?
1
Suppose 0 = 4*p - 12 + 4. Suppose -p*r - m + 181 = -62, -r - 3*m = -129. What is the hundreds digit of r?
1
Let g(n) be the first derivative of n**5/15 - n**4/8 - 2*n**3/3 + n**2/2 + 4. Let d(p) be the second derivative of g(p). What is the units digit of d(3)?
3
Let i(a) be the first derivative of -a**4/4 + a**2/2 - 2*a - 4. Let k be i(-3). Suppose h + 3*h - 32 = 5*s, -2*h + k = -s. What is the tens digit of h?
1
Let x = -959 - -2182. What is the hundreds digit of x?
2
Suppose -3*g - 15 = 0, 3*i + g - 43 = 6*g. Suppose 0*v - 162 = -i*v. What is the tens digit of v?
2
Suppose -27*s + 24*s + 330 = 0. Suppose -4*a + 250 = -s. Let u = a - 43. What is the units digit of u?
7
Let z = 661 + -208. What is the units digit of z?
3
Let x = 2289 + -1465. What is the tens digit of x?
2
Let v be (1 - -2) + -6 - -11. What is the units digit of (((-38)/v)/1)/(1/(-28))?
3
Suppose -5*x + 3 = 3*c - 2*c, 0 = -2*c + x + 17. Suppose 5 - c = -l. What is the units digit of l?
3
Let b(q) = 10*q - 17. Let n be b(-2). Let p be 4/(2*(-2)/(-60)). Let c = p + n. What is the units digit of c?
3
Suppose -3*k = 3*t - 2526, -3*t + 2501 = k - 3*k. What is the units digit of t?
7
Let g(q) = q + 1. Let z be g(4). Suppose -5*m + 363 = -4*x, -72 + z = -m - 2*x. What is the tens digit of m?
7
Suppose -3*p + 14 + 4 = 0. Suppose 2*g = 5*g - 21. Let n = g + p. What is the tens digit of n?
1
Suppose -122*b + 126*b = 4504. What is the tens digit of b?
2
Let l be (0 - -1)*(-3 + 3). Let h be (-972)/(-16) - (-2)/8. Suppose 0 = -3*n - 2*b + h, l = 4*n - 0*n + 3*b - 80. What is the tens digit of n?
2
Suppose 46*y = 5*v + 45*y - 14197, -2*v = -4*y - 5686. What is the thousands digit of v?
2
Suppose -9*p - p + 1140 = 0. Suppose 4*h + 79 = 3*c, -5*c + p = -2*h - 27. What is the tens digit of c?
2
Let r(b) = b**2 - 4*b + 6. Let t be r(11). Suppose t*l - 78*l = 1050. What is the tens digit of l?
1
Let z(h) = 23*h - 63. What is the tens digit of z(14)?
5
Let t(m) = 38*m + 4. Let i be t(9). Let c = i - 198. What is the tens digit of c?
4
Let v(q) = q**3 - 16*q**2 - 19*q - 15. Let s be v(17). Let w = 5 - s. What is the units digit of w?
4
Suppose -3*y = -206 + 41. Let l(g) = 5*g**2 - 58*g + 25. Let o be l(11). Let n = y + o. What is the tens digit of n?
4
Let r(h) = -1. Let j(d) = -d + 2. Let k(v) = -v. Let m(o) = j(o) + 2*k(o). Let i(t) = -4*m(t) - 4*r(t). What is the tens digit of i(3)?
3
Let f(j) = -25*j - 2. Let i(o) = -76*o - 6. Let s(x) = -8*f(x) + 3*i(x). Suppose 4*r = 16, 5*a + 2*r + 3*r - 10 = 0. What is the units digit of s(a)?
4
What is the tens digit of -4*(-2)/8 + 1 + 197?
9
Suppose 6*d = 4*d + 2. Let f be 5 - -18 - (1 + d). What is the tens digit of 7/f + 110/3?
3
Suppose -w + 4*m = -738, 3*w - 5*w + 1467 = m. What is the tens digit of w?
3
Suppose v - 78 = -3*f + 7, 75 = v + f. Suppose -5*j + v + 235 = 0. What is the units digit of j?
1
Let k(h) = h**2 + 2*h - 14. Let y be k(-5). Suppose 2*q - p + y = 6, 0 = 3*q - 2*p - 6. What is the units digit of q?
4
Suppose 248*d - 245*d = 5589. What is the hundreds digit of d?
8
Let d = -6 + 4. Let p(j) be the first derivative of -3*j**2 + 2*j - 7. What is the tens digit